{"id":10019,"date":"2020-01-08T10:28:15","date_gmt":"2020-01-08T09:28:15","guid":{"rendered":"https:\/\/www.treatwell.it\/inspiration\/?page_id=10019"},"modified":"2020-01-09T14:58:20","modified_gmt":"2020-01-09T13:58:20","slug":"beauty-report","status":"publish","type":"page","link":"https:\/\/www.treatwell.it/inspiration\/beauty-report\/","title":{"rendered":"Beauty Report"},"content":{"rendered":"<div style=\"width: 100px;\" class=\"wp-video\"><video muted class=\"wp-video-shortcode\" id=\"video-10019-1\" width=\"100\" height=\"100\" loop autoplay preload=\"none\" controls=\"controls\"><source type=\"video\/mp4\" src=\"https:\/\/www.treatwell.it/inspiration\/wp-content\/uploads\/sites\/8\/2020\/01\/IT-LP-intro.mp4?_=1\" \/><a href=\"https:\/\/www.treatwell.it/inspiration\/wp-content\/uploads\/sites\/8\/2020\/01\/IT-LP-intro.mp4\">https:\/\/www.treatwell.it/inspiration\/wp-content\/uploads\/sites\/8\/2020\/01\/IT-LP-intro.mp4<\/a><\/video><\/div>\n<p><strong><a href=\"https:\/\/www.treatwell.it/inspiration\/beauty-report\/#sale\">Chi sale<\/a><\/strong><\/p>\n<p><a href=\"https:\/\/www.treatwell.it/inspiration\/beauty-report\/#scende\"><strong>Chi scende<\/strong><\/a><\/p>\n<p><a href=\"https:\/\/www.treatwell.it/inspiration\/beauty-report\/#tendenze\"><strong>Tendenze beauty 2020<\/strong><\/a><\/p>\n<p><a href=\"https:\/\/www.treatwell.it/inspiration\/wp-content\/uploads\/sites\/8\/2020\/01\/IT_The-Treatwell-Report_2019.pdf\" target=\"_blank\" rel=\"noopener\"><strong>Scarica<\/strong><\/a><\/p>\n<p>\/01<\/p>\n<p>\/01<\/p>\n<h1>Cosa \u00e8 piaciuto quest&#8217;anno?<\/h1>\n<h1>Cosa \u00e8 piaciuto quest&#8217;anno?<\/h1>\n<p>Ci sono dei trattamenti che dovresti provare&#8230;<\/p>\n<p>Ci sono dei trattamenti che dovresti provare&#8230;<\/p>\n<p>Microneedling<\/p>\n<p>\u00c8 stato il trattamento pi\u00f9 hot del 2019, con un aumento delle prenotazione del +144%. Il microneedling stimola la produzione di collagene, migliorando l&#8217;aspetto della pelle e contrastando l&#8217;invecchiamento cutaneo.<\/p>\n<p><strong><a href=\"https:\/\/www.treatwell.it\/saloni\/trattamento-trattamenti-viso-con-micro-aghi\/offerta-tipo-locale\/in-it\/\" target=\"_blank\" rel=\"noopener\">Prenota ora<\/a><\/strong><\/p>\n<p>\t\t\t\t<img decoding=\"async\" src=\"https:\/\/www.treatwell.it/inspiration\/wp-content\/plugins\/bb-plugin\/img\/pixel.png\" alt=\"\" \/><\/p>\n<p>Epilazione<\/p>\n<p>laser<\/p>\n<p>Preferiamo sbarazzarci del superfluo e lo facciamo una volte per tutte. Nell&#8217;ultimo anno i trattamenti di epilazione laser sono cresciuti del +79%.<\/p>\n<p><strong><a href=\"https:\/\/www.treatwell.it\/saloni\/trattamento-epilazione-laser\/offerta-tipo-locale\/in-it\/\" target=\"_blank\" rel=\"noopener\">Prenota ora<\/a><\/strong><\/p>\n<p>Linfodrenaggio<\/p>\n<p>Il linfodrenaggio svolge un&#8217;importante azione drenante ed elimina i gonfiori. Sar\u00e0 per questo che piace e cresce del +138%.<\/p>\n<p><a href=\"https:\/\/www.treatwell.it\/saloni\/trattamento-gruppo-corpo\/offerta-tipo-locale\/in-it\/\" target=\"_blank\" rel=\"noopener\"><strong>Prenota ora<\/strong><\/a><\/p>\n<p>\t\t\t\t<img decoding=\"async\" src=\"https:\/\/www.treatwell.it/inspiration\/wp-content\/plugins\/bb-plugin\/img\/pixel.png\" alt=\"\" \/><\/p>\n<p>Nail art<\/p>\n<p>Le unghie sono il nostro biglietto da visita, meglio se uniche e originali. Ed ecco che la nail art cresce del +90%.<\/p>\n<p><a href=\"https:\/\/www.treatwell.it\/saloni\/trattamento-nail-art\/offerta-tipo-locale\/in-it\/\" target=\"_blank\" rel=\"noopener\"><strong>Prenota ora<\/strong><\/a><\/p>\n<p>\t\t\t\t<img loading=\"lazy\" decoding=\"async\" src=\"https:\/\/www.treatwell.it/inspiration\/wp-content\/uploads\/sites\/8\/2020\/01\/E_Korgal_Beauty_Lounge_DLD_370682_6_xx@2x@2x.jpg\" alt=\"E_Korgal_Beauty_Lounge_DLD_370682_6_xx@2x@2x\" height=\"1307\" width=\"2048\" title=\"E_Korgal_Beauty_Lounge_DLD_370682_6_xx@2x@2x\" \/><\/p>\n<p><strong>Microneedling<\/strong><\/p>\n<p>\u00c8 stato il trattamento pi\u00f9 hot del 2019, con un aumento delle prenotazione del +144%. Il microneedling stimola la produzione di collagene, migliorando l&#8217;aspetto della pelle e contrastando l&#8217;invecchiamento cutaneo.<\/p>\n<p><a href=\"https:\/\/www.treatwell.it\/saloni\/trattamento-trattamenti-viso-con-micro-aghi\/offerta-tipo-locale\/in-it\/\" target=\"_blank\" rel=\"noopener\"><strong>Prenota ora<\/strong><\/a><\/p>\n<p>\t\t\t\t<img loading=\"lazy\" decoding=\"async\" src=\"https:\/\/www.treatwell.it/inspiration\/wp-content\/uploads\/sites\/8\/2020\/01\/be_you_tiful_nails_BLG_333289_6_x@2x.jpg\" alt=\"be_you_tiful_nails_BLG_333289_6_x@2x\" height=\"1576\" width=\"1856\" title=\"be_you_tiful_nails_BLG_333289_6_x@2x\" \/><\/p>\n<p><strong>Epilazione laser<\/strong><\/p>\n<p>Preferiamo sbarazzarci del superfluo e lo facciamo una volte per tutte. Nell&#8217;ultimo anno i trattamenti di epilazione laser sono cresciuti del +79%.<\/p>\n<p><a href=\"https:\/\/www.treatwell.it\/saloni\/trattamento-epilazione-laser\/offerta-tipo-locale\/in-it\/\" target=\"_blank\" rel=\"noopener\"><strong>Prenota ora<\/strong><\/a><\/p>\n<p>\t\t\t\t<img loading=\"lazy\" decoding=\"async\" src=\"https:\/\/www.treatwell.it/inspiration\/wp-content\/uploads\/sites\/8\/2020\/01\/Blossom_Massage_for_Women_NLD_-329121_6_xxxxx@2x.jpg\" alt=\"Blossom_Massage_for_Women_NLD_ 329121_6_xxxxx@2x\" height=\"1316\" width=\"1894\" title=\"Blossom_Massage_for_Women_NLD_ 329121_6_xxxxx@2x\" \/><\/p>\n<p><strong>Linfodrenaggio<\/strong><\/p>\n<p>Il linfodrenaggio svolge un&#8217;importante azione drenante ed elimina i gonfiori. Sar\u00e0 per questo che piace e cresce del +138%.<\/p>\n<p><a href=\"https:\/\/www.treatwell.it\/saloni\/trattamento-gruppo-corpo\/offerta-tipo-locale\/in-it\/\" target=\"_blank\" rel=\"noopener\"><strong>Prenota ora<\/strong><\/a><\/p>\n<p>\t\t\t\t<img loading=\"lazy\" decoding=\"async\" src=\"https:\/\/www.treatwell.it/inspiration\/wp-content\/uploads\/sites\/8\/2020\/01\/Isabel_Valenti_SPJ_33984_6@2x.jpg\" alt=\"Isabel_Valenti_SPJ_33984_6@2x\" height=\"1576\" width=\"1896\" title=\"Isabel_Valenti_SPJ_33984_6@2x\" \/><\/p>\n<p><strong>Nail art<\/strong><\/p>\n<p>Le unghie sono il nostro biglietto da visita, meglio se uniche e originali. Ed ecco che la nail art cresce del +90%.<\/p>\n<p><a href=\"https:\/\/www.treatwell.it\/saloni\/trattamento-nail-art\/offerta-tipo-locale\/in-it\/\" target=\"_blank\" rel=\"noopener\"><strong>Prenota orta<\/strong><\/a><\/p>\n<p>\t\t\t<img decoding=\"async\" src=\"https:\/\/www.treatwell.it/inspiration\/wp-content\/uploads\/sites\/8\/2020\/01\/Regency_Beauty_UKD_6@2x.jpg\" alt=\"\" \/>\t\t\t<\/p>\n<h2><strong>Depilazione<br \/>sopracciglia con filo<br \/>arabo <\/strong><\/h2>\n<p>Le prenotazioni per la depilazione delle sopracciglia con filo arabo sono calate del -51%. Forse \u00e8 una conseguenza del suo limitato utilizzo: preferiamo tecniche pi\u00f9 rapide per trattare aree del corpo pi\u00f9 ampie.<\/p>\n<p><img decoding=\"async\" src=\"https:\/\/www.treatwell.it/inspiration\/wp-content\/uploads\/sites\/8\/2020\/01\/Regency_Beauty_UKD_6@2x.jpg\" alt=\"\" \/><br \/>\n\t\t\t<img decoding=\"async\" src=\"https:\/\/www.treatwell.it/inspiration\/wp-content\/uploads\/sites\/8\/2020\/01\/MosFox_NLD_378848_6_xxx@2x.jpg\" alt=\"\" \/>\t\t\t<\/p>\n<h2><strong>Ceretta<\/strong><\/h2>\n<p>La cara vecchia ceretta perde qualche colpo. Non significa per\u00f2 che ci depiliamo di meno. Semplicemente, preferiamo sperimentare nuovi metodi, come l&#8217;epilazione laser.<\/p>\n<p><img decoding=\"async\" src=\"https:\/\/www.treatwell.it/inspiration\/wp-content\/uploads\/sites\/8\/2020\/01\/MosFox_NLD_378848_6_xxx@2x.jpg\" alt=\"\" \/>\t\t\t<\/p>\n<p>\/02<\/p>\n<p>\/02<\/p>\n<h1>Chi scende<\/h1>\n<h1>Chi scende<\/h1>\n<p>\t\t\t<img decoding=\"async\" src=\"https:\/\/www.treatwell.it/inspiration\/wp-content\/uploads\/sites\/8\/2020\/01\/Regency_Beauty_UKD_6@2x.jpg\" alt=\"\" \/><a href=\"https:\/\/www.treatwell.co.uk\/places\/treatment-face-massage\/offer-type-local\/in-uk\/\" target=\"_blank\"><\/a>\t\t\t<\/p>\n<h2><strong>Depilazione sopracciglia con filo arabo <\/strong><\/h2>\n<p>Le prenotazioni per la depilazione delle sopracciglia con filo arabo sono calate del -51%. Forse \u00e8 una conseguenza del suo limitato utilizzo: preferiamo tecniche pi\u00f9 rapide per trattare aree del corpo pi\u00f9 ampie.<\/p>\n<p><a href=\"https:\/\/www.treatwell.co.uk\/places\/treatment-face-massage\/offer-type-local\/in-uk\/\" target=\"_blank\"><img decoding=\"async\" src=\"https:\/\/www.treatwell.it/inspiration\/wp-content\/uploads\/sites\/8\/2020\/01\/Regency_Beauty_UKD_6@2x.jpg\" alt=\"\" \/><\/a><br \/>\n\t\t\t<img decoding=\"async\" src=\"https:\/\/www.treatwell.it/inspiration\/wp-content\/uploads\/sites\/8\/2020\/01\/MosFox_NLD_378848_6_xxx@2x.jpg\" alt=\"\" \/><a href=\"https:\/\/www.treatwell.co.uk\/places\/treatment-face-massage\/offer-type-local\/in-uk\/\" target=\"_blank\"><\/a>\t\t\t<\/p>\n<h2><strong>Ceretta<\/strong><\/h2>\n<p>La cara vecchia ceretta perde qualche colpo. Non significa per\u00f2 che ci depiliamo di meno. Semplicemente, preferiamo sperimentare nuovi metodi, come l&#8217;epilazione laser.<\/p>\n<p><a href=\"https:\/\/www.treatwell.co.uk\/places\/treatment-face-massage\/offer-type-local\/in-uk\/\" target=\"_blank\"><img decoding=\"async\" src=\"https:\/\/www.treatwell.it/inspiration\/wp-content\/uploads\/sites\/8\/2020\/01\/MosFox_NLD_378848_6_xxx@2x.jpg\" alt=\"\" \/><\/a>\t\t\t<\/p>\n<p>\/03<\/p>\n<p>\/03<\/p>\n<h1>Quali sono le tendenze?<\/h1>\n<h1>Quali sono le tendenze?<\/h1>\n<p>I beauty expert di Treatwell hanno predetto cosa accadr\u00e0 nel 2020&#8230;<\/p>\n<p>I beauty expert di Treatwell hanno predetto cosa accadr\u00e0 nel 2020&#8230;<\/p>\n<p>\t\t\t\t<img loading=\"lazy\" decoding=\"async\" src=\"https:\/\/en-gb.twinspiration.wpengine.treatwell.com\/wp-content\/uploads\/sites\/9\/2019\/12\/Group-87@2x.jpg\" alt=\"Group 87@2x\" height=\"1277\" width=\"1335\" title=\"Group 87@2x\" \/><\/p>\n<h2>\n\t\tMicrobioma<br \/>\n\t<\/h2>\n<p>\u00c8 l&#8217;insieme dei batteri presenti sulla superficie cutanea. Questo ecosistema interagisce con la pelle per assicurarne il buon funzionamento. Abbiamo sentito parlare un&#8217;infinit\u00e0 di volte dei probiotici, i batteri &#8220;amici&#8221; dell&#8217;intestino e fondamentali per la salute del nostro organismo. Ebbene s\u00ec, nel 2020 questi arriveranno anche nella nostra skincare. Il loro utilizzo nei prodotti di bellezza migliora l&#8217;aspetto della pelle, preservandola da quei fattori che ne compromettono l&#8217;equilibrio. Si calcola che la ricerca su Google di informazioni relative al microbioma, sia aumentata del 110% nell&#8217;ultimo anno.<\/p>\n<h2>\n\t\tCiglia infinite<br \/>\n\t<\/h2>\n<p>Gli anni &#8217;60 stanno per tornare. Oggi come allora vogliamo uno sguardo intenso e magnetico. Nel 2019 le prenotazioni per le extension ciglia sono aumentate del 36%, in testa a tutte il trattamento Volume Russo (dove \u00e8 possibile applicare fino a 8 ciglia artificiali su quelle naturali).<\/p>\n<p><a href=\"https:\/\/www.treatwell.it\/saloni\/trattamento-extension-ciglia\/offerta-tipo-locale\/in-it\/\" target=\"_blank\" rel=\"noopener\"><strong>Prenota ora<\/strong><\/a><\/p>\n<p>\t\t\t\t<img loading=\"lazy\" decoding=\"async\" src=\"https:\/\/en-gb.twinspiration.wpengine.treatwell.com\/wp-content\/uploads\/sites\/9\/2019\/12\/190418_TW_Summer_Prep77864-copy@2x.jpg\" alt=\"190418_TW_Summer_Prep77864 copy@2x\" height=\"1277\" width=\"1331\" title=\"190418_TW_Summer_Prep77864 copy@2x\" \/><br \/>\n\t\t\t\t<img loading=\"lazy\" decoding=\"async\" src=\"https:\/\/en-gb.twinspiration.wpengine.treatwell.com\/wp-content\/uploads\/sites\/9\/2019\/12\/190418_TW_Summer_Prep77864-copy@2x.jpg\" alt=\"190418_TW_Summer_Prep77864 copy@2x\" height=\"1277\" width=\"1331\" title=\"190418_TW_Summer_Prep77864 copy@2x\" \/><\/p>\n<h2>\n\t\tCicglia infinite<br \/>\n\t<\/h2>\n<p>Gli anni &#8217;60 stanno per tornare. Oggi come allora vogliamo uno sguardo intenso e magnetico. Nel 2019 le prenotazioni per le extension ciglia sono aumentate del 36%, in testa a tutte il trattamento Volume Russo (dove \u00e8 possibile applicare fino a 8 ciglia artificiali su quelle naturali).<\/p>\n<p><a href=\"https:\/\/www.treatwell.it\/saloni\/trattamento-extension-ciglia\/offerta-tipo-locale\/in-it\/\" target=\"_blank\" rel=\"noopener\"><strong>Prenota ora<\/strong><\/a><\/p>\n<p>\t\t\t\t<img loading=\"lazy\" decoding=\"async\" src=\"https:\/\/en-gb.twinspiration.wpengine.treatwell.com\/wp-content\/uploads\/sites\/9\/2019\/12\/LR1595_BM_TREATWELL_2019.07.04_Treatwell_S03_201_F1@2x.jpg\" alt=\"LR1595_BM_TREATWELL_2019.07.04_Treatwell_S03_201_F1@2x\" height=\"1277\" width=\"1331\" title=\"LR1595_BM_TREATWELL_2019.07.04_Treatwell_S03_201_F1@2x\" \/><\/p>\n<h2>\n\t\tCapelli voluminosi<br \/>\n\t<\/h2>\n<p>I capelli sfidano la forza di gravit\u00e0. \u00c8 boom di richieste per acconciature raccolte e onde tra i capelli, rispettivamente +82% e +52%.<\/p>\n<p><a href=\"https:\/\/www.treatwell.it\/saloni\/trattamento-gruppo-capelli\/offerta-tipo-locale\/in-it\/\" target=\"_blank\" rel=\"noopener\"><strong>Prenota ora<\/strong><\/a><\/p>\n<p>\t\t\t\t<img loading=\"lazy\" decoding=\"async\" src=\"https:\/\/en-gb.twinspiration.wpengine.treatwell.com\/wp-content\/uploads\/sites\/9\/2019\/12\/E6CA7548-52CF-453A-89D0-53A219D06743@2x.jpg\" alt=\"E6CA7548-52CF-453A-89D0-53A219D06743@2x\" height=\"1277\" width=\"1331\" title=\"E6CA7548-52CF-453A-89D0-53A219D06743@2x\" \/><\/p>\n<h2>\n\t\tFiltri AR<br \/>\n\t<\/h2>\n<p>All&#8217;inizio del 2019 Instagram ha lanciato SparkAR, offrendo agli utenti la possibilit\u00e0 di creare filtri da usare nelle proprie stories. Per il 2020 ci auguriamo di vedere pi\u00f9 filtri esperienziali, come Beauty 3000 (uno dei nostri preferiti).<\/p>\n<h2>\n\t\tFiltri AR<br \/>\n\t<\/h2>\n<p>All&#8217;inizio del 2019 Instagram ha lanciato SparkAR, offrendo agli utenti la possibilit\u00e0 di creare filtri da usare nelle proprie stories. Per il 2020 ci auguriamo di vedere pi\u00f9 filtri esperienziali, come Beauty 3000 (uno dei nostri preferiti).<\/p>\n<p>\t\t\t\t<img loading=\"lazy\" decoding=\"async\" src=\"https:\/\/en-gb.twinspiration.wpengine.treatwell.com\/wp-content\/uploads\/sites\/9\/2019\/12\/E6CA7548-52CF-453A-89D0-53A219D06743@2x.jpg\" alt=\"E6CA7548-52CF-453A-89D0-53A219D06743@2x\" height=\"1277\" width=\"1331\" title=\"E6CA7548-52CF-453A-89D0-53A219D06743@2x\" \/><br \/>\n\t\t\t\t<img loading=\"lazy\" decoding=\"async\" src=\"https:\/\/en-gb.twinspiration.wpengine.treatwell.com\/wp-content\/uploads\/sites\/9\/2019\/12\/Line-12@2x-2x300.jpg\" alt=\"Line 12@2x\" height=\"300\" width=\"2\" title=\"Line 12@2x\" \/><\/p>\n<p>Ma non finisce qui. <br \/>Per ulteriori dati sui trattamenti e maggiori informazioni sulle nuove tendenze, scarica il report completo.<\/p>\n<p>Ma non finisce qui. Per ulteriori dati <br \/> sui trattamenti e maggiori informazioni sulle <br \/>nuove tendenze, scarica il report completo.<\/p>\n<p>\t\t\t<a href=\"https:\/\/www.treatwell.it/inspiration\/wp-content\/uploads\/sites\/8\/2020\/01\/IT_The-Treatwell-Report_2019.pdf\" target=\"_blank\" role=\"button\" rel=\"noopener\"><br \/>\n\t\t\t\t\t\t\tScarica<br \/>\n\t\t\t\t\t<\/a><br \/>\n\t\t\t\t<a href=\"https:\/\/www.treatwell.it/inspiration\/beauty-report\/#01\" target=\"_self\"><br \/>\n\t\t\t\t<img decoding=\"async\" src=\"https:\/\/en-gb.twinspiration.wpengine.treatwell.com\/wp-content\/uploads\/sites\/9\/2019\/12\/arrow-uo-02@2x.jpg\" alt=\"\" \/><br \/>\n\t\t\t\t<\/a><\/p>\n","protected":false},"excerpt":{"rendered":"<p>Chi sale Chi scende Tendenze beauty 2020 Scarica \/01 \/01 Cosa \u00e8 piaciuto quest&#8217;anno? Cosa \u00e8 piaciuto quest&#8217;anno? Ci sono dei trattamenti che dovresti provare&#8230; Ci sono dei trattamenti che dovresti provare&#8230; Microneedling \u00c8 stato il trattamento pi\u00f9 hot del 2019, con un aumento delle prenotazione del +144%. Il microneedling stimola la produzione di collagene,&hellip;<\/p>\n","protected":false},"author":117,"featured_media":0,"parent":0,"menu_order":0,"comment_status":"closed","ping_status":"closed","template":"tpl-no-header-footer.php","meta":{"inline_featured_image":false,"footnotes":""},"class_list":["post-10019","page","type-page","status-publish","hentry"],"yoast_head":"<!-- This site is optimized with the Yoast SEO plugin v27.4 - https:\/\/yoast.com\/product\/yoast-seo-wordpress\/ -->\n<title>Beauty Report - Treatwell IT<\/title>\n<meta name=\"robots\" content=\"index, follow, max-snippet:-1, max-image-preview:large, max-video-preview:-1\" \/>\n<link rel=\"canonical\" href=\"https:\/\/www.treatwell.it/inspiration\/beauty-report\/\" \/>\n<meta property=\"og:locale\" content=\"it_IT\" \/>\n<meta property=\"og:type\" content=\"article\" \/>\n<meta property=\"og:title\" content=\"Beauty Report - Treatwell IT\" \/>\n<meta property=\"og:description\" content=\"Chi sale Chi scende Tendenze beauty 2020 Scarica \/01 \/01 Cosa \u00e8 piaciuto quest&#8217;anno? Cosa \u00e8 piaciuto quest&#8217;anno? Ci sono dei trattamenti che dovresti provare&#8230; Ci sono dei trattamenti che dovresti provare&#8230; Microneedling \u00c8 stato il trattamento pi\u00f9 hot del 2019, con un aumento delle prenotazione del +144%. Il microneedling stimola la produzione di collagene,&hellip;\" \/>\n<meta property=\"og:url\" content=\"https:\/\/www.treatwell.it/inspiration\/beauty-report\/\" \/>\n<meta property=\"og:site_name\" content=\"Treatwell IT\" \/>\n<meta property=\"article:modified_time\" content=\"2020-01-09T13:58:20+00:00\" \/>\n<meta property=\"og:image\" content=\"https:\/\/www.treatwell.it/inspiration\/wp-content\/plugins\/bb-plugin\/img\/pixel.png\" \/>\n<meta name=\"twitter:card\" content=\"summary_large_image\" \/>\n<meta name=\"twitter:label1\" content=\"Tempo di lettura stimato\" \/>\n\t<meta name=\"twitter:data1\" content=\"4 minuti\" \/>\n<script type=\"application\/ld+json\" class=\"yoast-schema-graph\">{\"@context\":\"https:\\\/\\\/schema.org\",\"@graph\":[{\"@type\":\"WebPage\",\"@id\":\"https:\\\/\\\/www.treatwell.it/inspiration\\\/beauty-report\\\/\",\"url\":\"https:\\\/\\\/www.treatwell.it/inspiration\\\/beauty-report\\\/\",\"name\":\"Beauty Report - Treatwell IT\",\"isPartOf\":{\"@id\":\"https:\\\/\\\/www.treatwell.it/inspiration\\\/#website\"},\"primaryImageOfPage\":{\"@id\":\"https:\\\/\\\/www.treatwell.it/inspiration\\\/beauty-report\\\/#primaryimage\"},\"image\":{\"@id\":\"https:\\\/\\\/www.treatwell.it/inspiration\\\/beauty-report\\\/#primaryimage\"},\"thumbnailUrl\":\"https:\\\/\\\/www.treatwell.it/inspiration\\\/wp-content\\\/plugins\\\/bb-plugin\\\/img\\\/pixel.png\",\"datePublished\":\"2020-01-08T09:28:15+00:00\",\"dateModified\":\"2020-01-09T13:58:20+00:00\",\"breadcrumb\":{\"@id\":\"https:\\\/\\\/www.treatwell.it/inspiration\\\/beauty-report\\\/#breadcrumb\"},\"inLanguage\":\"it-IT\",\"potentialAction\":[{\"@type\":\"ReadAction\",\"target\":[\"https:\\\/\\\/www.treatwell.it/inspiration\\\/beauty-report\\\/\"]}]},{\"@type\":\"ImageObject\",\"inLanguage\":\"it-IT\",\"@id\":\"https:\\\/\\\/www.treatwell.it/inspiration\\\/beauty-report\\\/#primaryimage\",\"url\":\"https:\\\/\\\/www.treatwell.it/inspiration\\\/wp-content\\\/plugins\\\/bb-plugin\\\/img\\\/pixel.png\",\"contentUrl\":\"https:\\\/\\\/www.treatwell.it/inspiration\\\/wp-content\\\/plugins\\\/bb-plugin\\\/img\\\/pixel.png\"},{\"@type\":\"BreadcrumbList\",\"@id\":\"https:\\\/\\\/www.treatwell.it/inspiration\\\/beauty-report\\\/#breadcrumb\",\"itemListElement\":[{\"@type\":\"ListItem\",\"position\":1,\"name\":\"Home\",\"item\":\"https:\\\/\\\/www.treatwell.it/inspiration\\\/\"},{\"@type\":\"ListItem\",\"position\":2,\"name\":\"Beauty Report\"}]},{\"@type\":\"WebSite\",\"@id\":\"https:\\\/\\\/www.treatwell.it/inspiration\\\/#website\",\"url\":\"https:\\\/\\\/www.treatwell.it/inspiration\\\/\",\"name\":\"Treatwell IT\",\"description\":\"\",\"potentialAction\":[{\"@type\":\"SearchAction\",\"target\":{\"@type\":\"EntryPoint\",\"urlTemplate\":\"https:\\\/\\\/www.treatwell.it/inspiration\\\/?s={search_term_string}\"},\"query-input\":{\"@type\":\"PropertyValueSpecification\",\"valueRequired\":true,\"valueName\":\"search_term_string\"}}],\"inLanguage\":\"it-IT\"}]}<\/script>\n<!-- \/ Yoast SEO plugin. -->","yoast_head_json":{"title":"Beauty Report - Treatwell IT","robots":{"index":"index","follow":"follow","max-snippet":"max-snippet:-1","max-image-preview":"max-image-preview:large","max-video-preview":"max-video-preview:-1"},"canonical":"https:\/\/www.treatwell.it/inspiration\/beauty-report\/","og_locale":"it_IT","og_type":"article","og_title":"Beauty Report - Treatwell IT","og_description":"Chi sale Chi scende Tendenze beauty 2020 Scarica \/01 \/01 Cosa \u00e8 piaciuto quest&#8217;anno? Cosa \u00e8 piaciuto quest&#8217;anno? Ci sono dei trattamenti che dovresti provare&#8230; Ci sono dei trattamenti che dovresti provare&#8230; Microneedling \u00c8 stato il trattamento pi\u00f9 hot del 2019, con un aumento delle prenotazione del +144%. Il microneedling stimola la produzione di collagene,&hellip;","og_url":"https:\/\/www.treatwell.it/inspiration\/beauty-report\/","og_site_name":"Treatwell IT","article_modified_time":"2020-01-09T13:58:20+00:00","og_image":[{"url":"https:\/\/www.treatwell.it/inspiration\/wp-content\/plugins\/bb-plugin\/img\/pixel.png","type":"","width":"","height":""}],"twitter_card":"summary_large_image","twitter_misc":{"Tempo di lettura stimato":"4 minuti"},"schema":{"@context":"https:\/\/schema.org","@graph":[{"@type":"WebPage","@id":"https:\/\/www.treatwell.it/inspiration\/beauty-report\/","url":"https:\/\/www.treatwell.it/inspiration\/beauty-report\/","name":"Beauty Report - Treatwell IT","isPartOf":{"@id":"https:\/\/www.treatwell.it/inspiration\/#website"},"primaryImageOfPage":{"@id":"https:\/\/www.treatwell.it/inspiration\/beauty-report\/#primaryimage"},"image":{"@id":"https:\/\/www.treatwell.it/inspiration\/beauty-report\/#primaryimage"},"thumbnailUrl":"https:\/\/www.treatwell.it/inspiration\/wp-content\/plugins\/bb-plugin\/img\/pixel.png","datePublished":"2020-01-08T09:28:15+00:00","dateModified":"2020-01-09T13:58:20+00:00","breadcrumb":{"@id":"https:\/\/www.treatwell.it/inspiration\/beauty-report\/#breadcrumb"},"inLanguage":"it-IT","potentialAction":[{"@type":"ReadAction","target":["https:\/\/www.treatwell.it/inspiration\/beauty-report\/"]}]},{"@type":"ImageObject","inLanguage":"it-IT","@id":"https:\/\/www.treatwell.it/inspiration\/beauty-report\/#primaryimage","url":"https:\/\/www.treatwell.it/inspiration\/wp-content\/plugins\/bb-plugin\/img\/pixel.png","contentUrl":"https:\/\/www.treatwell.it/inspiration\/wp-content\/plugins\/bb-plugin\/img\/pixel.png"},{"@type":"BreadcrumbList","@id":"https:\/\/www.treatwell.it/inspiration\/beauty-report\/#breadcrumb","itemListElement":[{"@type":"ListItem","position":1,"name":"Home","item":"https:\/\/www.treatwell.it/inspiration\/"},{"@type":"ListItem","position":2,"name":"Beauty Report"}]},{"@type":"WebSite","@id":"https:\/\/www.treatwell.it/inspiration\/#website","url":"https:\/\/www.treatwell.it/inspiration\/","name":"Treatwell IT","description":"","potentialAction":[{"@type":"SearchAction","target":{"@type":"EntryPoint","urlTemplate":"https:\/\/www.treatwell.it/inspiration\/?s={search_term_string}"},"query-input":{"@type":"PropertyValueSpecification","valueRequired":true,"valueName":"search_term_string"}}],"inLanguage":"it-IT"}]}},"_links":{"self":[{"href":"https:\/\/www.treatwell.it\/inspiration\/wp-json\/wp\/v2\/pages\/10019","targetHints":{"allow":["GET"]}}],"collection":[{"href":"https:\/\/www.treatwell.it\/inspiration\/wp-json\/wp\/v2\/pages"}],"about":[{"href":"https:\/\/www.treatwell.it\/inspiration\/wp-json\/wp\/v2\/types\/page"}],"author":[{"embeddable":true,"href":"https:\/\/www.treatwell.it\/inspiration\/wp-json\/wp\/v2\/users\/117"}],"replies":[{"embeddable":true,"href":"https:\/\/www.treatwell.it\/inspiration\/wp-json\/wp\/v2\/comments?post=10019"}],"version-history":[{"count":0,"href":"https:\/\/www.treatwell.it\/inspiration\/wp-json\/wp\/v2\/pages\/10019\/revisions"}],"wp:attachment":[{"href":"https:\/\/www.treatwell.it\/inspiration\/wp-json\/wp\/v2\/media?parent=10019"}],"curies":[{"name":"wp","href":"https:\/\/api.w.org\/{rel}","templated":true}]}}